ivisor of 39 and i.
39
Let r = -3 + 5. Suppose -k - 3 = 2*v - r, -5 = -2*k + 3*v. Let w(h) = 5*h**3 - h**2 - 2*h + 2. Let d be w(k). What is the greatest common divisor of 32 and d?
4
Let o(c) = c**2 + 7*c - 2. Let q be o(5). Let p(u) = u**2 + 5*u - 21. Let y be p(-10). What is the greatest common factor of q and y?
29
Let b be -28*(78/(-4))/(12 - 6). Let o(k) = 8*k - 113. Let q be o(15). Calculate the greatest common factor of b and q.
7
Let o be (-86)/(-4) - (-1)/(-2). Suppose 4*r = 12, -571 - 245 = -3*j + r. What is the highest common divisor of o and j?
21
Suppose 0 = 26*y - 2875 - 1259. Calculate the greatest common divisor of y and 3.
3
Let y(s) = 607*s**2 - 10*s. Let n be y(2). Calculate the greatest common divisor of n and 56.
56
Let x = -333 + 626. Let d = -93 + x. Calculate the greatest common divisor of 25 and d.
25
Suppose -95 = -5*f - 3*n, 4*f - 10 = -4*n + 66. Calculate the highest common factor of 20 and f.
1
Suppose -8 = -2*i - 0*i. Suppose -5*c + 155 = -5*t, -24 - 54 = -3*c - 2*t. What is the greatest common divisor of c and i?
4
Suppose 3*i - 66 = -90. Let p be 1 + -1 - -2 - 0. Let g be p/i - (-322)/8. What is the highest common divisor of 8 and g?
8
Suppose 4*x - 68 = 12. Let c = -41 - -81. Calculate the highest common factor of x and c.
20
Let x = 293 + -104. Let r = 47 + -20. What is the highest common factor of r and x?
27
Let g = 2 - -2. Suppose 0*h - 40 = -g*h. Let x be 3 + -12 + (-6)/(6/7)*-17. Calculate the greatest common factor of h and x.
10
Let y be 3/(2 + (-50)/28). Let g = 17 - 24. Let x(k) = -k**2 - 18*k - 7. Let a be x(g). Calculate the greatest common divisor of a and y.
14
Suppose 100 = 2*c + 8*c. Let d = -12 + 58. Let t = d + 4. What is the greatest common factor of t and c?
10
Suppose 1610 = -6*l + 16*l. What is the greatest common factor of l and 46?
23
Let i = -216 + 237. Let l(g) = 43*g - 8. Let y be l(6). Let r = -19 + y. Calculate the highest common factor of r and i.
21
Let d be 12/(-66) - (2 - 101/11). Suppose -d*s - 111 = -363. What is the highest common factor of s and 9?
9
Suppose -52*i - 240 = -1384. What is the highest common divisor of i and 682?
22
Suppose -270 = -162*g + 156*g. What is the greatest common divisor of g and 18?
9
Suppose -51 = -7*v + 4*v. Suppose 11 = -u + v. What is the highest common divisor of u and 66?
6
Let f be 3*1285/50 + 5/(-50). Calculate the highest common factor of f and 91.
7
Let g(b) = -b**3 + 7*b**2 - 8*b + 5. Let d be g(5). Suppose 0 = 5*m - 230 - 585. Suppose 8*x - m = 197. What is the highest common factor of x and d?
15
Let s be -1*(-2 + 5)*(-54)/81. Suppose -3*w = -2*w - 2. Calculate the greatest common factor of w and s.
2
Let j(w) = -w**3 - 3*w**2 - 3*w + 3. Let b be j(-3). Let y = b - -22. Let z = 46 - 29. What is the highest common divisor of y and z?
17
Let v(l) = -2*l**3 + 2*l**2 + 12*l + 8. Let z be v(-4). Calculate the greatest common divisor of z and 96.
24
Let k = 657 - 577. What is the highest common factor of 16 and k?
16
Let t(d) = 3*d + 194. Let l be t(-38). Calculate the greatest common divisor of l and 40.
40
Suppose 3*k + 2*s - 164 + 42 = 0, 3*k = -4*s + 124. Let j = k - 5. Suppose -4*q = -53 - j. What is the highest common factor of 22 and q?
22
Suppose 0*y + 4*m = y + 4, 3 = -5*y + 3*m. Let j(w) = y*w**2 + 12*w**2 + w**2. Let q be j(-1). What is the highest common factor of q and 52?
13
Let w(f) = -2*f**3 - 24*f**2 - 39*f - 26. Let d be w(-11). Calculate the highest common divisor of d and 69.
23
Let m(w) = -5*w**3 - w**2 + 4*w - 3. Let k be m(2). Suppose 0 = 3*t - 4 + 13, 331 = 5*p - 2*t. Let u = p + k. Calculate the greatest common factor of u and 13.
13
Let u(p) = p**3 + 11*p**2 + 4*p - 5. Let o(i) = i - 4. Let t be o(-6). Let n be u(t). Let g be 33*2*(-4)/(-12). What is the highest common factor of g and n?
11
Let r = 6 - 0. Suppose -3*a = -3*h + 3, 9 = a - r*h + 3*h. Let x be (-16)/a*54/8. Calculate the highest common factor of 162 and x.
18
Suppose 122*h - 126*h = -84. Calculate the highest common factor of 56 and h.
7
Suppose 4*o + 40 = 2*v, -7*v + 8*v - 17 = -o. Calculate the highest common factor of v and 36.
18
Suppose 0*o - 4 = -o. Suppose -o*z = -2*a - a + 6, -3*z = 0. Let h be (-27 - -26)/(2/(-4)). What is the highest common factor of a and h?
2
Let m(l) = -2*l - 2. Let x = 7 + -13. Let w be (-136)/22 - x/33. Let y be m(w). What is the greatest common divisor of y and 40?
10
Suppose 4*h - 3*k = 933, -1140 = -5*h - 4*k - k. What is the greatest common factor of 21 and h?
21
Let g be (-135)/25 + 6 - (-948)/20. What is the greatest common factor of g and 432?
48
Let z(j) = -j + 24. Let t be z(4). What is the greatest common factor of t and 110?
10
Suppose 28*i = 23*i. Suppose -4*u + 3*b + 93 = i, 0 = -3*u + 3*b + b + 75. Let w = -28 + 91. What is the greatest common divisor of w and u?
21
Suppose 9*m - 10*m - 255 = -5*z, 3*z - 5*m - 153 = 0. Let t be 16/(-80) - z/(-5). What is the greatest common factor of t and 130?
10
Suppose 0 = 71*v - 5885 - 4055. What is the greatest common divisor of 1155 and v?
35
Let f = -862 + 896. Calculate the highest common factor of 136 and f.
34
Let q(n) = -n**3 + 4*n**2 + 8*n - 7. Let r be q(5). Suppose 9*b + 2681 = 92*b - 3295. Calculate the greatest common factor of b and r.
8
Let v be (1 + -1)/(9 - 10). Suppose 5*o - 85 + 30 = v. What is the greatest common factor of 22 and o?
11
Let v be (42/5)/(((-234)/(-60))/13). Let b be 29/4 - 1/4. Calculate the greatest common factor of b and v.
7
Let m be 2 - (1 + 0)/(-1). Suppose -3*z = -233 + 2. Let i = z + -74. Calculate the greatest common divisor of i and m.
3
Let b(q) = -43*q - 79. Let p be b(-2). Calculate the greatest common divisor of 2 and p.
1
Suppose 2*q - 10 = -5*m, m + 35 = 6*m - 3*q. Suppose p = m*p. Suppose p = x + 2*r - 12, -x - r = -3*r. What is the greatest common factor of 3 and x?
3
Let l(b) = 3*b**3 + 4*b**2 - 33*b + 9. Let o be l(4). What is the greatest common divisor of o and 49?
7
Let l(g) = -g**2 - 12*g - 5. Let k be l(-10). Let j = -5 + 2. Let w be k/j*(-3 - -2). What is the highest common factor of 25 and w?
5
Suppose -8*i - 245 = -2221. What is the highest common divisor of i and 76?
19
Let o = 125 + -45. Suppose 2*p = 6*p + 24. Let y(n) = -n**2 - 10*n - 8. Let r be y(p). Calculate the highest common factor of r and o.
16
Let m = 294 - 85. Calculate the greatest common divisor of 19 and m.
19
Suppose -8*t = 2*y - 5*t - 1551, y = t + 783. Calculate the highest common divisor of 26 and y.
26
Let f(i) = -i**3 - 44*i**2 - 159*i + 85. Let r be f(-40). What is the greatest common factor of r and 1440?
45
Suppose -2*n - 10 = -4*s, 5 = -4*s + 2*s - n. Let h be (-4)/2*1 + 54. Suppose s*v = 2*v - h. What is the highest common factor of 78 and v?
26
Let f = 4 - 1. Let p be 5/f*(-6)/(-2). Suppose -p*w + 65 = -0. Calculate the highest common divisor of w and 39.
13
Let o be 7/(-14) + 375/(-6). Let i = 76 + o. Calculate the greatest common divisor of 39 and i.
13
Let a be 61460/147 + 6/(-63). What is the highest common divisor of 38 and a?
38
Suppose -15*s = -18*s + 540. Suppose 4*u = 2*u + s. Calculate the highest common divisor of u and 18.
18
Let i be 912/21 - 320/224. Calculate the highest common factor of i and 105.
21
Let v(g) = g**3 - 19*g**2 - 44*g + 50. Let r be v(21). What is the greatest common factor of 200 and r?
8
Let v = -10 - -34. Let u be ((-254)/(-14) - 4 - -3)*7. What is the greatest common divisor of v and u?
24
Let w(a) = 4*a + 58. Let k be w(-14). Suppose 0 = -k*r + 4*y + 11 + 37, 22 = 3*r + 4*y. Calculate the highest common divisor of r and 154.
14
Let y be 51 + (-7)/(28/12). Suppose -2*m - 3*i = -y, -2*i = 2 + 2. What is the greatest common factor of 27 and m?
27
Let d = -20 + -16. Let k = -17 - d. What is the highest common factor of 152 and k?
19
Let f be 1/(-3) - 392/(-6). Let g = -116 + 205. Let w = g - 63. Calculate the greatest common factor of f and w.
13
Let g(l) = -l**2 - 4*l + 10. Let o be g(-5). Suppose 2*i + 2*q = 44, i - o*i = -3*q - 102. What is the greatest common divisor of 216 and i?
24
Suppose 3*s - 72 = -9. What is the greatest common factor of 42 and s?
21
Let n(c) = 10*c - 7. Let r be n(8). Suppose r - 29 = a. Suppose 0 = 3*l - 68 + 56. Calculate the highest common divisor of a and l.
4
Let